 the greatest common divisor of 1666 and 2282?
14
Calculate the greatest common factor of 131155 and 170.
85
Calculate the greatest common factor of 331991 and 11.
11
What is the highest common factor of 87 and 5613?
3
What is the greatest common factor of 86834 and 88?
22
What is the highest common factor of 12325 and 11100?
25
Calculate the greatest common factor of 126 and 70833.
21
Calculate the highest common factor of 242 and 289311.
121
What is the highest common divisor of 82500 and 561?
33
Calculate the greatest common divisor of 17955 and 190.
95
Calculate the greatest common factor of 608 and 587024.
304
What is the highest common factor of 1225 and 1975?
25
Calculate the highest common divisor of 265209 and 73.
73
Calculate the greatest common factor of 714 and 104448.
102
Calculate the greatest common divisor of 1378 and 55978.
26
Calculate the greatest common factor of 3074 and 10034.
58
What is the greatest common divisor of 10296 and 35838?
198
What is the greatest common factor of 43414 and 1176?
98
Calculate the greatest common factor of 206236 and 47.
47
What is the greatest common divisor of 72 and 150360?
24
Calculate the highest common factor of 12224 and 5539.
191
Calculate the greatest common divisor of 709 and 1564763.
709
Calculate the greatest common divisor of 2288 and 232960.
208
What is the highest common factor of 284 and 52?
4
What is the highest common factor of 80 and 47954?
2
What is the greatest common divisor of 1683 and 32351?
187
What is the greatest common divisor of 1191270 and 30?
30
What is the highest common divisor of 8140871 and 79?
79
What is the highest common divisor of 111042 and 1674?
558
What is the highest common factor of 857842 and 2443?
349
What is the greatest common factor of 678 and 1527195?
339
What is the greatest common factor of 2432 and 956?
4
Calculate the greatest common divisor of 2758 and 124898.
394
Calculate the highest common factor of 86424 and 5928.
312
Calculate the greatest common divisor of 100 and 56370.
10
What is the highest common factor of 792 and 36342?
18
What is the highest common divisor of 303 and 8973648?
303
Calculate the highest common factor of 4181517 and 216.
27
What is the greatest common factor of 4783000 and 1000?
1000
What is the highest common factor of 270 and 269055?
135
What is the highest common divisor of 2583 and 41832?
63
Calculate the highest common factor of 1476 and 5526.
18
Calculate the greatest common divisor of 64 and 66656.
32
Calculate the highest common factor of 165 and 736395.
165
Calculate the greatest common divisor of 36 and 24768.
36
What is the highest common factor of 957 and 49851?
87
Calculate the greatest common factor of 137268 and 96.
12
What is the greatest common factor of 6 and 83802?
6
What is the highest common divisor of 69 and 57807?
3
Calculate the highest common factor of 323246 and 154.
154
What is the highest common factor of 231 and 9108?
33
What is the greatest common divisor of 112 and 1488592?
112
Calculate the greatest common divisor of 711 and 925959.
237
What is the highest common factor of 810 and 28440?
90
What is the greatest common divisor of 159 and 83922?
3
Calculate the greatest common divisor of 151689 and 472.
59
What is the highest common factor of 5248 and 2304?
128
Calculate the greatest common divisor of 27378 and 7410.
78
Calculate the highest common factor of 24505 and 23055.
145
Calculate the greatest common factor of 345081 and 3.
3
What is the greatest common factor of 628656 and 24?
24
Calculate the highest common factor of 13678777 and 7.
7
Calculate the greatest common factor of 3477 and 172691.
1159
Calculate the greatest common divisor of 9 and 603342.
9
Calculate the highest common factor of 442632 and 264.
24
Calculate the highest common divisor of 53127 and 9.
9
What is the highest common divisor of 7128 and 3058803?
891
What is the highest common divisor of 8 and 3641?
1
Calculate the greatest common factor of 2355639 and 646.
323
What is the greatest common factor of 53375 and 65?
5
Calculate the greatest common factor of 306 and 306153.
153
Calculate the highest common factor of 24200 and 160.
40
What is the greatest common factor of 70686 and 2970?
594
Calculate the greatest common factor of 2469 and 30.
3
What is the highest common divisor of 6477 and 357?
51
What is the greatest common divisor of 57352 and 14472?
536
What is the greatest common factor of 3780 and 6510?
210
What is the highest common divisor of 58 and 992786?
58
Calculate the greatest common divisor of 196198 and 16043.
263
What is the highest common divisor of 3318 and 238?
14
Calculate the highest common factor of 1491 and 1827.
21
Calculate the highest common factor of 9266 and 5494.
82
What is the highest common divisor of 8 and 13?
1
Calculate the highest common factor of 191697 and 6.
3
What is the greatest common divisor of 5 and 482885?
5
What is the highest common divisor of 125 and 1100?
25
What is the greatest common factor of 1572 and 440422?
262
Calculate the greatest common divisor of 513 and 21600.
27
What is the greatest common divisor of 10590 and 1200?
30
Calculate the highest common factor of 46 and 69.
23
Calculate the highest common divisor of 35491 and 1.
1
What is the greatest common divisor of 47289 and 396?
33
Calculate the greatest common divisor of 51261 and 399.
21
Calculate the greatest common factor of 2110 and 800.
10
What is the greatest common factor of 70 and 2285185?
35
Calculate the greatest common divisor of 766304 and 448.
224
Calculate the greatest common factor of 3290 and 687190.
70
What is the greatest common divisor of 3509 and 4234?
29
What is the greatest common factor of 932 and 178478?
466
Calculate the greatest common factor of 21742 and 154.
14
What is the greatest common factor of 980531 and 446?
223
What is the greatest common divisor of 1797 and 31?
1
Calculate the greatest common factor of 10 and 2018.
2
Calculate the greatest common factor of 759 and 428766.
69
Calculate the highest common divisor of 936 and 37167.
39
Calculate the highest common factor of 16598 and 86.
86
Calculate the greatest common factor of 91 and 5603.
13
Calculate the highest common divisor of 13132 and 2144.
268
What is the highest common divisor of 150 and 496050?
150
What is the greatest common factor of 8459 and 3278?
11
Calculate the greatest common factor of 189 and 104391.
63
Calculate the highest common factor of 1308 and 7212.
12
What is the greatest common divisor of 2035 and 440?
55
What is the highest common factor of 7161 and 3927?
231
What is the highest common factor of 603 and 505783?
67
What is the greatest common factor of 2298 and 43279?
383
Calculate the highest common factor of 42940 and 470.
10
Calculate the highest common factor of 90895 and 9805.
265
What is the highest common factor of 538 and 416681?
269
What is the greatest common divisor of 15 and 3081?
3
What is the highest common factor of 97839 and 693?
63
What is the greatest common divisor of 164645 and 447?
149
What is the greatest common divisor of 670286 and 292?
146
What is the highest common factor of 649 and 157520?
11
What is the greatest common factor of 95744 and 352?
352
What is the highest common factor of 109 and 215057?
109
Calculate the highest common factor of 629975 and 4460.
1115
Calculate the highest common divisor of 8904 and 115528.
56
Calculate the highest common divisor of 17433 and 312.
39
What is the greatest common divisor of 31365 and 15555?
255
Calculate the greatest common factor of 105 and 4474505.
35
Calculate the greatest common divisor of 139641 and 9879.
267
Calculate the greatest common divisor of 124904 and 156.
52
Calculate the greatest common divisor of 1565 and 9077.
313
Calculate the highest common divisor of 240 and 16336.
16
Calculate the highest common factor of 1410 and 1720435.
235
Calculate the highest common factor of 154 and 105259.
77
What is the greatest common divisor of 1168 and 115048?
584
Calculate the greatest common divisor of 7435 and 1027517.
1487
Calculate the highest common factor of 6682 and 130.
26
What is the greatest common factor of 2900 and 5940?
20
Calculate the highest common factor of 316 and 2844.
316
Calculate the greates